 What is the remainder when i is divided by 8?
7
Let u = 63 - -62. Let i be 1*(-136)/(-24)*5*3. Suppose b + 4*b + 5*j - i = 0, 4*j = -2*b + 36. Calculate the remainder when u is divided by b.
13
Let h(p) = -5*p**3 - 5*p**2 - 19*p + 19. What is the remainder when 201 is divided by h(-3)?
35
Suppose -5*g + 29 + 1 = 5*p, -4*g + 15 = p. Suppose 49 = g*v + 25. Let z = 15 - v. What is the remainder when 40 is divided by z?
5
What is the remainder when 555 is divided by (-10)/(-8)*1764/105?
9
Suppose 258 = 6*d - 42. Suppose -5*l = 4*c - 49, 0 = 17*l - 13*l - c - 56. Calculate the remainder when d is divided by l.
11
Let t(h) = -2*h - 19. Let x(a) = -5 + a + 10 + 0 + 15. Let l(n) = 2*t(n) + 3*x(n). What is the remainder when 120 is divided by l(-9)?
27
Suppose -26*c + 2614 + 1130 = 0. What is the remainder when 231 is divided by c?
87
What is the remainder when 163 is divided by (-8988)/(-308) - (-4 - ((-460)/22)/5)?
18
Let c(n) = 4. Let i(u) = u - 4. Let h(o) = 6*c(o) + 5*i(o). What is the remainder when h(15) is divided by -3 + 1 - -2*9?
15
Suppose -5*s - 70 = -c + 6*c, -8 = -4*s. Let m = 19 + c. Suppose 0*f + m*f - 24 = 0. Calculate the remainder when f is divided by 5.
3
Let t(v) = -2*v**3 - 2*v - 2. Let l be t(-1). Let x be (-259)/(-28) - 3/24*l. Calculate the remainder when 37 is divided by 10/(-15) - (-51)/x.
2
Let b = 55 + -52. Suppose -3*t + 2*v + 118 = v, -3*t + b*v = -126. What is the remainder when 60 is divided by -2 + 1 + -15 + t?
16
Let y(u) = -2*u**2 - 64*u + 6. Suppose 8*n = 94 - 286. What is the remainder when y(n) is divided by 28?
26
Let s be 9/15*(-5 + 10). Calculate the remainder when 309 is divided by (-2)/s*270/(-4).
39
Suppose 2*c - 2 = -4*i, c = 5*i - 3 - 3. Suppose -i = -5*o + 4*o, 5*o = 3*j - 193. Calculate the remainder when j is divided by 17.
15
Suppose -3*w - 47*w = 42*w - 91356. Calculate the remainder when w is divided by 71.
70
What is the remainder when 61 is divided by 218/4 + 684/456?
5
Let n = -131 - -127. What is the remainder when 150 is divided by 84/2 + n + (1 - 1)?
36
Suppose -4*w - 5*v = -308, -5*v + 19 = w - 73. Calculate the remainder when 381 is divided by w.
21
Suppose 28*p - 3092 = -27*p + 2353. What is the remainder when p is divided by 93?
6
Let w(j) = -1698*j**3 - 3*j**2 + 2. What is the remainder when w(-1) is divided by 71?
64
Let v(a) = 268*a**2 - 577*a + 1144. Calculate the remainder when v(2) is divided by 23.
4
What is the remainder when 154 is divided by (-174)/(6 - 12) - (-5 - -2)?
26
Suppose 827*y - 825*y = 12, y + 6 = 3*i. Let o = 95 - 45. Calculate the remainder when o is divided by i.
2
Let p = 3888 - 2935. What is the remainder when p is divided by 60?
53
Suppose -537 + 192 = -13*k + 1163. What is the remainder when 538 is divided by k?
74
Let c(t) = -t**2 + 5*t - 10. Let z be c(3). What is the remainder when 238 is divided by 39 - 8/(40/(-25)) - z?
46
Suppose -25*c + 769 = -1781. Calculate the remainder when c is divided by 97.
5
Let d(u) = u**3 - 10*u**2 + 68*u - 447. Calculate the remainder when d(13) is divided by 106.
96
Suppose -82*u + 3005 = -3801. What is the remainder when 3740 is divided by u?
5
Let j be ((-126)/12)/((-6)/40). Suppose -3*w + j = -w. What is the remainder when w is divided by 8?
3
Suppose -3*i + 5 + 0 = 5*x, 0 = 4*i + 5*x - 10. Let s be 16*(65/(-10) - -7). Suppose i*g - s*g = -45. What is the remainder when g is divided by 13?
2
Suppose 78 = 3*x - 2*j, -60*j - 149 = -5*x - 63*j. Suppose -3*k + 3 - 57 = 0. Let w = 30 + k. Calculate the remainder when x is divided by w.
4
What is the remainder when 3550 is divided by (-154)/(-66)*6/14 - -10?
8
Suppose 5*l + 3*v - 584 = 0, -2*l - 42*v = -36*v - 272. What is the remainder when 149 is divided by l?
37
Let d be 100/(-850) + (-53)/(-17). Calculate the remainder when 1/d + 2573/93 is divided by 10.
8
Suppose -1597 = -4*d - 285. What is the remainder when d is divided by -9 + 1020/108 + (-688)/(-72)?
8
Let b = -5941 + 5957. Calculate the remainder when 20 is divided by b.
4
Let d = 2557 - 2394. Calculate the remainder when d is divided by 40.
3
Calculate the remainder when (-4162)/(-10) + 84/(-420) is divided by 41.
6
Let y = -5634 + 5660. Calculate the remainder when 80 is divided by y.
2
Suppose -42*d = -47*d + 4*j + 124, -3*j = 3. Let r(t) = -6*t + 6. Let i be r(4). Let a = d + i. Calculate the remainder when 13 is divided by a.
1
Let w(x) = 3*x**2 + 5*x - 12. What is the remainder when w(-9) is divided by (8 + -1)/(14 - 5 - 130/15)?
18
Let a be 18/(-135) - 55424/120. Let o = a - -505. What is the remainder when 147 is divided by o?
18
Suppose -105 = -q + 6*m - 3*m, -q = 4*m - 42. Calculate the remainder when q is divided by 67.
11
Let z be ((-2 - -8)*1)/(20/1060). Suppose -z = -78*p + 72*p. Calculate the remainder when 102 is divided by p.
49
What is the remainder when 506 is divided by 500/(-700) + 60/(-14) - (-68 + 1)?
10
Suppose -63*f - 3806 = -4247. Suppose -7*g = -3*g - 3*c - 187, g + 5*c = 41. What is the remainder when g is divided by f?
4
Let a = -37177 + 37372. What is the remainder when 350 is divided by a?
155
Suppose 4*c + 196 = 4*r + 524, 5*c = -r + 356. Calculate the remainder when 3296 is divided by c.
11
Let j = -1776 - -1790. Calculate the remainder when 933 is divided by j.
9
Let i = 18632 - 18309. What is the remainder when i is divided by 156?
11
Suppose 4*x - 5*s = 2043 - 941, 2*x - s = 548. What is the remainder when 286 is divided by x?
13
Let h(y) = 320*y - 1891. What is the remainder when 94 is divided by h(6)?
7
Let o(f) = 3*f**2 + 22*f + 10. Let i be o(-7). Suppose i*q = -t + 11, 3*t + 0*q - 66 = 2*q. What is the remainder when t is divided by 12?
8
Calculate the remainder when (-19800)/(-25) + (-13)/1 is divided by 123.
41
Let u(t) = -2*t**2 + 71*t - 319. What is the remainder when u(29) is divided by 19?
1
Let m(r) = 3*r + 19. Let y be m(-7). What is the remainder when 73 is divided by 10 + (2 - y - -1)?
13
Suppose -24*c + 9484 + 30476 = 1920. What is the remainder when c is divided by 57?
46
Let v = -103 + 150. Suppose v*n + 1610 = 61*n. What is the remainder when n is divided by 17?
13
Suppose 8510 = 5*i + 5*o - 1210, 2*o + 3908 = 2*i. What is the remainder when i is divided by 25?
24
Let n(a) = a**2 + 4*a + 11. Let q(r) = 5*r + 10. Let t(m) = -2*n(m) + 3*q(m). Let c = 103 + -99. Calculate the remainder when 22 is divided by t(c).
2
Suppose -6*z = -8*z + 8. Suppose -z*b - 31 = -43. What is the remainder when 12 is divided by b?
0
Let r = 24352 - 22990. Calculate the remainder when r is divided by 271.
7
Let r(n) = -3*n**2 + 25. Let g(q) = -10*q**2 + 3*q + 75. Let t(k) = 2*g(k) - 7*r(k). What is the remainder when 169 is divided by t(-12)?
28
Let u(n) = 4*n**3 + n**2 + 2*n - 3. Let b be u(1). Suppose -b*l + 4 = -8. Suppose -l*g + 32 = -1. What is the remainder when g is divided by 7?
4
Suppose -6*p = -5*x - 2*p + 82, -x = -3*p - 12. What is the remainder when 96 is divided by x?
6
Let a = -59 - -119. Let z be (50 + 4)/(4/6). Let t = z - a. What is the remainder when 40 is divided by t?
19
Suppose -14*x - 11 = -67. Suppose -3*r + q = 89, -6*r + x*q - 15 = -5*r. Let t = -12 - r. Calculate the remainder when 27 is divided by t.
8
Let z(o) = o**2 - 4. Let g = 5234 - 5034. Calculate the remainder when g is divided by z(4).
8
Let g(i) = -i**2 - 4*i + 82. Let o be g(20). What is the remainder when (o/3)/(170/(-255)) is divided by 1/((-8)/(-50))*4?
24
Calculate the remainder when (-6)/8 - 930/(-40)*(0 + 3) is divided by 56.
13
Let b be ((-10)/15)/((-6)/1143). Suppose -d - b + 143 = 0. What is the remainder when 1101 is divided by d?
13
Let w(q) = 25*q**2 - 49*q - 51. Calculate the remainder when 462 is divided by w(3).
3
Let o = -14134 + 14329. What is the remainder when 1388 is divided by o?
23
Suppose 4*l + 103 = -5*b, -4*l - b - 149 = -26. Calculate the remainder when 127 is divided by (-8)/(-4) - 2 - 0 - l.
31
Let i(b) = b**2 + 32*b - 256. What is the remainder when 128 is divided by i(-39)?
9
Suppose 0 = -80*n + 6755 + 125. Calculate the remainder when 522 is divided by n.
6
Suppose -5*y = -5*b - 430, -5*b - 4*y - 433 = -6*y. Let h = -84 - b. What is the remainder when (-142 + 2)*36/(-30) - h is divided by 12?
9
Calculate the remainder when 32/(-56) - 20244/(-98) is divided by 74.
58
